te?
False
Suppose 38*o = 30*o + 2552. Is o a composite number?
True
Suppose 6 - 46 = 5*b. Let u be 1 + -4 - (-11 - b). Suppose u = 5*f - 4*z - 278, f - 5*z - 217 = -3*f. Is f a composite number?
True
Let p = 7545 + -4227. Suppose 2*j = -4*i + p, 3*i + 0*i + 8282 = 5*j. Is j a prime number?
True
Let a be -1 + (0 + -9 - -1). Let h(k) = -38*k - 1. Let d(x) = -39*x - 2. Let n(p) = -5*d(p) + 6*h(p). Is n(a) prime?
False
Let z(h) = 14*h**2 + 2*h. Let b be z(-1). Suppose 1 = 2*d - 5*l + 3, b = -3*l. Let a = 12 - d. Is a a prime number?
True
Let z = 29 - 20. Let b(m) be the second derivative of 7*m**3/3 + 5*m**2/2 - m. Is b(z) composite?
False
Let z(h) = -3*h + 0*h**2 + 54*h**3 + 1 - 2*h + 3*h + 2*h**2. Let i = 84 - 82. Is z(i) a prime number?
False
Let g(q) = -1284*q**3 - q**2 + 2*q. Let o(p) = 2568*p**3 + 2*p**2 - 4*p. Let l(a) = -13*g(a) - 6*o(a). Is l(1) a prime number?
True
Suppose 0 = -2*i + 6 + 2. Is (2/i - 6/4) + 1214 composite?
False
Let n be -1 - (1 - (-1481 - 0)). Let c = -852 - n. Is c a composite number?
False
Suppose -3*h + 5*z + 27 = -4*h, 0 = -5*h + 3*z - 23. Let m(t) = -3*t**3 + 14*t**2 - 9*t - 1. Is m(h) composite?
False
Suppose -21*g - 5*j = -17*g - 19360, 2*g + 5*j = 9690. Is g composite?
True
Suppose -208 = 10*x - 6*x. Is 8/(-6)*16341/x prime?
True
Let k(w) = 5*w**2 - 12*w - 13. Let g(p) = -3*p**2 + 6*p + 6. Let i(l) = -5*g(l) - 2*k(l). Suppose 3*v = -2*x + 11, -4*v - 4*x = -7*v + 41. Is i(v) prime?
True
Let x = -54242 - -87369. Is x a composite number?
True
Let g(k) be the first derivative of -k**4/4 + 4*k**3 - 3*k**2/2 - 3*k + 7. Is g(11) a prime number?
False
Let a be (4 - 236)*6/(-4). Let g be (0 - 16)*a/(-16). Suppose 656 = 4*m - g. Is m a prime number?
True
Suppose -4 = 4*c, 0 = 2*r - 2*c - 2 - 4. Suppose 3*t - 3608 = -5*h, -r*h + 3*t + 2*t = -1437. Is h a prime number?
False
Let z = -150 - -105. Let h = z - -27. Is 115/3 - h/27 prime?
False
Let s = 19 + -14. Suppose s*n + 55 = -5*u, 0*n = -3*u - 5*n - 41. Let g(d) = -9*d - 6. Is g(u) a prime number?
False
Suppose -2129 = -5*x + 116. Suppose -l + 3*b - 1 = 0, -5*l - 5*b - 89 = -l. Is x + l/4 + 0 a composite number?
True
Is -36349*((-6)/1 - -7)/(-1) prime?
False
Let z(o) = -3*o**3 - 22*o**2 - 14*o + 19. Is z(-16) composite?
False
Let c(z) = z**3 + 13*z**2 + 12*z + 2. Let g be c(-12). Let i = 580 - 29. Suppose -g*y - i = -3*y. Is y prime?
False
Let z = 3 - -112. Is z a composite number?
True
Suppose -39*d + 9560 = -31*d. Is d a prime number?
False
Let k = -2473 + 3624. Is k composite?
False
Let h(r) = -11*r**2 - 45*r + 6. Let f(g) = -11*g**2 - 44*g + 6. Let w(u) = -3*f(u) + 2*h(u). Is w(-17) a composite number?
False
Is (124/(-6))/((-34)/561) a composite number?
True
Let v(j) = -j. Let h(a) = 11*a + 13. Let g(y) = -h(y) - 6*v(y). Is g(-10) prime?
True
Let r(g) = 5*g**3 - 16*g**2 - 15*g + 1. Is r(11) prime?
False
Let k be (2/(-4))/(5/(-30)). Suppose -k*v = -m - 0*m + 208, m = v + 210. Is m composite?
False
Is 4*1/2 - (178 + -14629) a prime number?
False
Suppose -4*m + 5*m = -184. Let b = m - -258. Is b a composite number?
True
Suppose 5041 = -7*m + 42120. Is m prime?
True
Let z(s) = 1593*s + 959. Is z(16) prime?
False
Let c be 3/(-1*1/1). Let w(z) = -111*z**3 - 5*z**2 + 2*z - 7. Is w(c) prime?
True
Let c(h) = h**3 + 3*h**2 - 7*h + 20. Let j be c(-5). Suppose -j*w + 3*g + 361 = 0, 3*g + 2 = -w + 67. Is w prime?
True
Suppose -9*l + 15687 + 15354 = 0. Is l a composite number?
False
Suppose 2*o + 17 = -5*w, o - 4*w + 11 = -7*w. Suppose -3*c + 5*l + 183 = -201, -o*l - 384 = -3*c. Suppose -s + c = -89. Is s a prime number?
False
Suppose 0 = -4*k + 4, 2*k = 13*o - 16*o + 96479. Is o prime?
True
Let a = 260 - -1187. Suppose -a = -2*r + 205. Suppose -4*k + 1652 = v + 3*v, 4*k + r = 2*v. Is v a composite number?
True
Suppose z = -2*z - 5*t - 8, -2*t + 8 = 4*z. Suppose -21 + 11 = -5*v. Suppose z*p - 266 = v*p. Is p a prime number?
False
Let z(o) = -5*o + 37. Let w be z(9). Is 3207/4 + (14/w - -2) composite?
True
Let t(d) = d**3 + 5*d**2 - 9*d - 15. Let i be t(-6). Is 4/(i*(-6)/9) - -321 composite?
True
Let h(s) = s**2 + 25*s - 27. Is h(21) a prime number?
False
Suppose -97273 = 330*o - 341*o. Is o a prime number?
False
Suppose -m + 4*g = 13628 - 32071, 4*m + g = 73721. Is m a composite number?
True
Is (-45916)/(-11) + (-110)/605 prime?
False
Let h(p) = -14*p**3 + 10*p**2 + 13*p + 7. Is h(-6) prime?
True
Suppose -4*k - 69 + 277 = -2*l, -3*l = 2*k - 120. Let f = 123 + k. Is f composite?
True
Let o(l) = 87*l**2 + l - 1. Let i(h) = -19*h + 10 + 29*h - 9*h. Let r be i(-9). Is o(r) prime?
False
Suppose 3*h - 9 = -3, -91366 = -4*k + 3*h. Is k a prime number?
False
Let m be 15/(-3 + -2) + 558. Suppose 5*w = -4*r + m, -120 = -w + 2*r - r. Is w prime?
False
Suppose -124 + 34 = 2*c. Let g = c + 1. Let m = g - -90. Is m a composite number?
True
Let a(r) = -15 + 1050*r + 11 + 3. Is a(1) prime?
True
Suppose -95*p = -114*p + 1505921. Is p a composite number?
False
Suppose -15*j - 5*b + 3159 = -13*j, -4*b + 3158 = 2*j. Is j composite?
True
Suppose -4*y = 3*f - 7, 2*f + 22 = -y + 5*y. Suppose 2*z - 2355 = -2*w + 1529, -y*w + 4*z = -7728. Is w prime?
False
Suppose -5*o + 39829 = -14*w + 18*w, -4*w = -5*o - 39859. Is w a prime number?
False
Let j(o) = 56*o**2 + 2*o + 2. Let b(m) = 111*m**2 + 3*m + 3. Let s(q) = 3*b(q) - 5*j(q). Let t(a) = -3*a - 7. Let g be t(-2). Is s(g) a prime number?
True
Suppose 5368 = 2*i - 6302. Is -4*(i/20)/(-3) prime?
True
Suppose 4*k - 4*v - 16 = 0, -k + 11 = -3*v - 1. Suppose -2*r = -k*r - 178. Is r prime?
True
Suppose -64225 = -5*l + 2*z, 4*z - 29906 = -2*l - 4216. Suppose 6*m = -m + l. Is m prime?
False
Suppose 5*j = c - 3506, 4*j = -29*c + 25*c + 14048. Is c prime?
True
Let j(s) = -9558*s**2. Let a be j(-1). Let u = -5405 - a. Is u composite?
False
Let b(m) = 4 + m - 2*m - m + 21. Is b(-17) a composite number?
False
Suppose -47*r - 12379 = -1088726. Is r a prime number?
True
Let p(a) = 116*a**2 + 4*a - 2. Let x be p(-5). Suppose 0 = -3*t - 3, -d - x = -5*d + 2*t. Is d prime?
True
Let y(k) = 11*k**3 + 2*k**2 + 2*k. Let b be -19 + 16 + -1 + 2. Let r be y(b). Let a = r + 347. Is a composite?
False
Let z be (-2)/(-1) - (-6 - 8080/(-8)). Is z/4*-2 + -9 + 13 a prime number?
False
Is -1 + -2 - (-520)/13 a composite number?
False
Suppose 3*k = -3*i + 6873, 5*i - 8355 = 2*k + 3100. Let b = i + -1512. Is b a composite number?
True
Let t(j) = -j**3 - 4*j**2 + 5*j - 1. Let v be t(-4). Let b be v*2*1*-3. Let i = b - 59. Is i composite?
False
Let n = 22323 + 68638. Is n prime?
False
Suppose -2*o + 10 = 3*o. Suppose 173 = 2*k - p, -3*p - o*p + 25 = 0. Is k prime?
True
Suppose 0 = 5*x + 3*y - 24, -3*x - 5*y = -2*y - 18. Suppose -4*p - 3*b + 385 = 0, -x*b - 192 = -2*p - 5*b. Is p a composite number?
False
Is ((-50792)/140)/((-2)/5) a composite number?
False
Is (-135988)/(-3)*(270/(-24))/(-15) composite?
False
Let r be 8 + -1 + -4 + -5. Is r + (-10239)/(-15) - (-12)/30 a composite number?
True
Let t = -17207 + 33246. Is t a composite number?
True
Is -4 + (-126)/(-27) + (-60338)/(-6) a composite number?
True
Let d = -81 - -86. Suppose -3*k = 5*y - 382 - 65, k = 4. Suppose 3*q + d*h = -2*q + 105, -y = -5*q + 4*h. Is q a prime number?
True
Let k(g) be the third derivative of 71*g**5/10 + 11*g**4/24 - 7*g**3/2 + g**2 + 21. Is k(4) composite?
True
Let s = -13475 - -21084. Is s composite?
True
Let r(p) = 1399*p + 1371. Is r(14) a composite number?
True
Let m be 1/2 - (-142)/(-4). Let i = m - -72. Is i composite?
False
Let y = -2636 - -16983. Is y a prime number?
True
Suppose 2*b = 5*b - 840. Suppose -4*f - 2*c - 610 = 0, 5*f - 2*f + 4*c = -455. Let s = b + f. Is s a prime number?
True
Let a(n) = -64*n**3 + 11*n**2 + 27*n + 31. Is a(-5) composite?
False
Let j = -4165 - -5858. Is j prime?
True
Suppose -4*u = p + 15, 0 = 3*p + 5*u + 40 + 19. Let g = p + 102. Is g a prime number?
True
Let i be (-16)/(-5) - 4/(-5). Suppose -n - i = -3*n. Suppose n*c - 505 = 3*b, 5*b + 254 + 2 = c. Is c composite?
False
Suppose -5*d = a - 10, -a + 3*d - 6 = -0*d. Suppose a*c = 4*c - 17276. Is c a composite number?
True
Let c(t) be the first derivative of -843*t**2/2 - t + 3. Is c(-2) a composite number?
True
Let h(z) = 2*z**2 + 13*z - 2. Let x be h(-7). Suppose -5*d = x*c + 5, 3*d = 3*c - 0*c + 9. Is d/4 + (-4632)/(-3